rime factors of 2289.
3, 7, 109
What are the prime factors of 584?
2, 73
What are the prime factors of 1112?
2, 139
List the prime factors of 9209.
9209
List the prime factors of 2214.
2, 3, 41
What are the prime factors of 145?
5, 29
List the prime factors of 5003.
5003
List the prime factors of 2125.
5, 17
List the prime factors of 38719.
31, 1249
List the prime factors of 18772.
2, 13, 19
List the prime factors of 41313.
3, 47, 293
List the prime factors of 1565.
5, 313
What are the prime factors of 5191?
29, 179
List the prime factors of 174.
2, 3, 29
List the prime factors of 22314.
2, 3, 3719
List the prime factors of 184894.
2, 193, 479
What are the prime factors of 1152?
2, 3
List the prime factors of 486.
2, 3
List the prime factors of 315.
3, 5, 7
List the prime factors of 892.
2, 223
List the prime factors of 3250.
2, 5, 13
List the prime factors of 62871.
3, 19, 1103
What are the prime factors of 3653?
13, 281
What are the prime factors of 97282?
2, 127, 383
List the prime factors of 12649.
7, 13, 139
List the prime factors of 4369.
17, 257
List the prime factors of 27763.
27763
List the prime factors of 16518.
2, 3, 2753
List the prime factors of 412.
2, 103
List the prime factors of 609.
3, 7, 29
List the prime factors of 86674.
2, 7, 41, 151
What are the prime factors of 143?
11, 13
List the prime factors of 33973.
53, 641
List the prime factors of 40849.
40849
List the prime factors of 9053.
11, 823
What are the prime factors of 1739?
37, 47
List the prime factors of 20134.
2, 10067
What are the prime factors of 4474?
2, 2237
List the prime factors of 3329.
3329
What are the prime factors of 49621?
11, 13, 347
List the prime factors of 2277.
3, 11, 23
What are the prime factors of 38589?
3, 19, 677
List the prime factors of 22825.
5, 11, 83
List the prime factors of 2610.
2, 3, 5, 29
List the prime factors of 38932.
2, 9733
List the prime factors of 4156.
2, 1039
List the prime factors of 80621.
80621
What are the prime factors of 265?
5, 53
What are the prime factors of 5406?
2, 3, 17, 53
What are the prime factors of 1074?
2, 3, 179
What are the prime factors of 21145?
5, 4229
List the prime factors of 701.
701
What are the prime factors of 2102?
2, 1051
What are the prime factors of 101704?
2, 12713
List the prime factors of 1723.
1723
What are the prime factors of 2691?
3, 13, 23
List the prime factors of 1026.
2, 3, 19
List the prime factors of 548.
2, 137
List the prime factors of 5722.
2, 2861
List the prime factors of 5835.
3, 5, 389
List the prime factors of 13979.
7, 1997
List the prime factors of 290.
2, 5, 29
What are the prime factors of 598?
2, 13, 23
List the prime factors of 7477.
7477
What are the prime factors of 4527?
3, 503
List the prime factors of 553.
7, 79
List the prime factors of 7387.
83, 89
List the prime factors of 502.
2, 251
List the prime factors of 7760.
2, 5, 97
What are the prime factors of 7320?
2, 3, 5, 61
List the prime factors of 13455.
3, 5, 13, 23
List the prime factors of 11340.
2, 3, 5, 7
What are the prime factors of 534?
2, 3, 89
List the prime factors of 4113.
3, 457
List the prime factors of 118.
2, 59
List the prime factors of 10286.
2, 37, 139
What are the prime factors of 367?
367
What are the prime factors of 32393?
29, 1117
What are the prime factors of 54152?
2, 7, 967
List the prime factors of 89.
89
What are the prime factors of 3102?
2, 3, 11, 47
List the prime factors of 10457.
10457
List the prime factors of 48408.
2, 3, 2017
What are the prime factors of 811?
811
List the prime factors of 582.
2, 3, 97
What are the prime factors of 603?
3, 67
List the prime factors of 154.
2, 7, 11
What are the prime factors of 11359?
37, 307
What are the prime factors of 462?
2, 3, 7, 11
List the prime factors of 52345.
5, 19, 29
List the prime factors of 2484.
2, 3, 23
List the prime factors of 48406.
2, 24203
What are the prime factors of 1021?
1021
What are the prime factors of 8343?
3, 103
List the prime factors of 1371.
3, 457
What are the prime factors of 986?
2, 17, 29
List the prime factors of 1038.
2, 3, 173
What are the prime factors of 9506?
2, 7, 97
List the prime factors of 769.
769
What are the prime factors of 1734?
2, 3, 17
What are the prime factors of 2098?
2, 1049
What are the prime factors of 396?
2, 3, 11
List the prime factors of 810.
2, 3, 5
List the prime factors of 18543.
3, 7, 883
What are the prime factors of 38876?
2, 9719
What are the prime factors of 92564?
2, 73, 317
List the prime factors of 69900.
2, 3, 5, 233
What are the prime factors of 714?
2, 3, 7, 17
What are the prime factors of 1488?
2, 3, 31
What are the prime factors of 192?
2, 3
List the prime factors of 518.
2, 7, 37
List the prime factors of 97929.
3, 13, 31
What are the prime factors of 6655?
5, 11
List the prime factors of 50247.
3, 1861
List the prime factors of 498.
2, 3, 83
What are the prime factors of 6273?
3, 17, 41
What are the prime factors of 136?
2, 17
What are the prime factors of 8445?
3, 5, 563
What are the prime factors of 10680?
2, 3, 5, 89
What are the prime factors of 2904?
2, 3, 11
What are the prime factors of 3504?
2, 3, 73
List the prime factors of 53792.
2, 41
List the prime factors of 392.
2, 7
What are the prime factors of 4317?
3, 1439
List the prime factors of 1800.
2, 3, 5
List the prime factors of 39023.
39023
What are the prime factors of 1727?
11, 157
List the prime factors of 28401.
3, 9467
What are the prime factors of 354?
2, 3, 59
What are the prime factors of 645?
3, 5, 43
What are the prime factors of 474?
2, 3, 79
List the prime factors of 548.
2, 137
List the prime factors of 28924.
2, 7, 1033
What are the prime factors of 2120?
2, 5, 53
List the prime factors of 1893.
3, 631
What are the prime factors of 4013?
4013
What are the prime factors of 11073?
3, 3691
List the prime factors of 680.
2, 5, 17
What are the prime factors of 13596?
2, 3, 11, 103
What are the prime factors of 5275?
5, 211
List the prime factors of 757.
757
List the prime factors of 1726.
2, 863
What are the prime factors of 76954?
2, 109, 353
List the prime factors of 1079.
13, 83
What are the prime factors of 52271?
167, 313
List the prime factors of 750.
2, 3, 5
List the prime factors of 244.
2, 61
List the prime factors of 186.
2, 3, 31
What are the prime factors of 4831?
4831
What are the prime factors of 1570?
2, 5, 157
List the prime factors of 98146.
2, 31, 1583
What are the prime factors of 19901?
7, 2843
What are the prime factors of 53460?
2, 3, 5, 11
What are the prime factors of 2578?
2, 1289
What are the prime factors of 184550?
2, 5, 3691
What are the prime factors of 13781?
13781
List the prime factors of 362.
2, 181
What are the prime factors of 944?
2, 59
What are the prime factors of 570?
2, 3, 5, 19
List the prime factors of 5936.
2, 7, 53
List the prime factors of 3207.
3, 1069
List the prime factors of 1156.
2, 17
What are the prime factors of 1222?
2, 13, 47
What are the prime factors of 163?
163
List the prime factors of 6883.
6883
List the prime factors of 4647.
3, 1549
What are the prime factors of 3734?
2, 1867
What are the prime factors of 22078?
2, 7, 19, 83
What are the prime factors of 1815?
3, 5, 11
What are the prime factors of 3415?
5, 683
List the prime factors of 29781.
3, 1103
List the prime factors of 12822.
2, 3, 2137
List the prime factors of 33016.
2, 4127
List the prime factors of 19309.
19309
List the prime factors of 75593.
7, 10799
What are the prime factors of 9235?
5, 1847
What are the prime factors of 57317?
13, 4409
List the prime factors of 22859.
22859
List the prime factors of 3580.
2, 5, 179
List the prime factors of 3097.
19, 163
What are the prime factors of 9026?
2, 4513
List the prime factors of 3241.
7, 463
What are the prime factors of 778?
2, 389
List the prime factors of 250.
2, 5
List the prime factors of 3790.
2, 5, 379
List the prime factors of 1849.
43
List the prime factors of 1517.
37, 41
What are the prime factors of 1077?
3, 359
List the prime factors of 607.
607
What are the prime factors of 837?
3, 31
What are the prime factors of 11017?
23, 479
List the prime factors of 273.
3, 7, 13
What are the prime factors of 6479?
11, 19, 31
List the prime factors of 3121.
3121
List the prime factors of 54533.
23, 2371